s m(7)?
-3
Let h(t) = -t**3 - 34*t**2 - 30*t + 104. What is h(-33)?
5
Let k(i) = 2*i**2 + 47*i + 26. What is k(-23)?
3
Let t(j) = -2*j**2 - 16*j - 16. Calculate t(-1).
-2
Let o(n) = 2*n - 9. Determine o(6).
3
Let s(g) = -g**3 + 2*g**2 - 3*g + 35. Determine s(0).
35
Let y(f) = -f**3 - 6*f**2 + 6*f + 8. Calculate y(-7).
15
Let z(k) = k**2 - 4*k - 9. Determine z(8).
23
Let m(o) = -o**3 - 8*o**2 - 8*o + 3. Calculate m(-6).
-21
Let l(f) = -5*f - 175. What is l(-36)?
5
Let j(x) = -2*x**2 + 13*x + 4. Give j(7).
-3
Let k(q) = -q**3 + 12*q**2 + 3*q - 25. Determine k(12).
11
Let n(c) = c**2 - 23*c - 15. Give n(23).
-15
Let l(g) = -g**3 - 20*g**2 + 22*g + 14. Calculate l(-21).
-7
Let i(r) = -r**2 + 2*r - 36. What is i(0)?
-36
Let s(v) = 5*v - 22. What is s(10)?
28
Let p(r) = 3*r - 127. Determine p(45).
8
Let s(z) = z**3 + 27*z**2 + 28*z + 46. Calculate s(-26).
-6
Let d(u) = u**3 + 12*u**2 + 6*u + 14. Calculate d(-8).
222
Let d(r) = 2*r - 6. Calculate d(-23).
-52
Let a(x) = x**3 - 10*x**2 - 11*x - 5. Give a(11).
-5
Let b(p) = 41*p + 398. Determine b(-10).
-12
Let g(l) = -5*l + 29. Calculate g(-11).
84
Let d(m) = -3*m**2 + 18*m - 1. What is d(6)?
-1
Let i(r) = -r**2 - 17*r - 43. Calculate i(-14).
-1
Let u(x) = -x**3 - 7*x**2 + 4*x - 53. What is u(-9)?
73
Let k(r) = -r**3 - 6*r**2 + 4*r. Calculate k(-6).
-24
Let u(v) = -12*v + 11. What is u(6)?
-61
Let d(x) = -x**2 + 24*x + 295. Determine d(33).
-2
Let s(z) = -2*z**2 + 15*z - 29. Determine s(12).
-137
Let w(f) = -2*f**2 - 13*f - 3. Determine w(-9).
-48
Let n(w) = 2*w**2 + 17*w + 21. Give n(-7).
0
Let t(w) = -5*w**2 - 3*w + 2. Give t(2).
-24
Let l(a) = a**3 - 7*a**2 + a + 9. Give l(7).
16
Let l(o) = -13*o + 100. Determine l(8).
-4
Let s(l) = -l**3 + 4*l**2 + 19*l. Calculate s(-3).
6
Let y(q) = -q**3 - 3*q**2 + q + 2. Determine y(-3).
-1
Let q(b) = -64*b**2 - 6*b - 5. What is q(-1)?
-63
Let g(y) = y**2 + 12*y - 5. Calculate g(-14).
23
Let u(b) = b**3 - 2*b**2 + b - 5. What is u(3)?
7
Let u(k) = -k**2 - 9*k + 7. Calculate u(-8).
15
Let i(b) = -b**2 - 5*b - 8. Determine i(-4).
-4
Let t(p) = 2*p**2 + 11*p - 347. Give t(-16).
-11
Let n(h) = h**3 + 56*h**2 - 3*h - 197. What is n(-56)?
-29
Let o(v) = -2*v - 15. Determine o(-7).
-1
Let i(c) = -93*c - 466. Calculate i(-5).
-1
Let u(a) = 6*a - 4. Give u(5).
26
Let k(t) = t**3 - 2*t**2 + t + 8. Determine k(0).
8
Let l(p) = p**3 - 3*p**2 - 5*p - 5. Calculate l(5).
20
Let p(m) = 4*m - 1. Give p(0).
-1
Let r(d) = 14*d - 1. Determine r(-5).
-71
Let n(j) = j**3 - 2*j**2 + 3*j + 1. Determine n(2).
7
Let p(k) = -k**3 - 4*k**2 + 16*k + 49. Calculate p(-3).
-8
Let v(u) = 2*u - 11. Calculate v(6).
1
Let w(c) = c**3 + 6*c**2 - 7*c. Give w(-6).
42
Let k(q) = 4*q + 53. Give k(-7).
25
Let y(l) = l**2 + 20*l + 84. Give y(-6).
0
Let l(a) = a**2 - 22*a + 63. What is l(19)?
6
Let g(k) = -k**2 - 10*k - 10. Calculate g(-4).
14
Let w(g) = -23*g - 75. Determine w(-5).
40
Let p(h) = -h**3 + h**2 - 3*h + 3. What is p(2)?
-7
Let f(m) = -m**3 - 12*m**2 + 10*m - 27. Determine f(-13).
12
Let y(j) = -j - 17. Calculate y(-22).
5
Let x(z) = 3*z**2 + 15*z + 11. Calculate x(-5).
11
Let u(i) = -6*i - 3. What is u(-3)?
15
Let z(n) = -n**2 + 24*n + 35. Calculate z(26).
-17
Let x(a) = 8*a + 120. What is x(-14)?
8
Let s(w) = -13*w + 159. Calculate s(12).
3
Let q(m) = -m**2 + 21*m - 72. Calculate q(17).
-4
Let t(y) = 2*y**2 + 27*y + 15. Determine t(-13).
2
Let g(w) = w**2 + 2*w - 14. Give g(3).
1
Let c(x) = x**3 + 5*x**2 + 2*x - 2. Calculate c(-5).
-12
Let o(j) = 7*j**2 - j + 5. Calculate o(2).
31
Let t(f) = f**2 + 6*f + 6. Give t(-11).
61
Let d(c) = 2*c - 19. Give d(8).
-3
Let v(y) = y**2 + 2*y + 5. Calculate v(-5).
20
Let y(g) = 13*g**2 - g - 5. Determine y(-2).
49
Let q(h) = -8*h - 15. What is q(-2)?
1
Let o(w) = w + 3. Determine o(3).
6
Let v(g) = -g**3 - 2*g**2 - 3*g - 2. Give v(4).
-110
Let r(j) = -21*j + 41. Determine r(2).
-1
Let s(n) = -n - 4. What is s(-4)?
0
Let y(o) = 2*o**2 + 2*o + 7. Calculate y(5).
67
Let c(g) = 8*g**2 - 4*g + 1. Calculate c(3).
61
Let n(j) = -2*j**3 - 10*j**2 - 5*j - 30. Calculate n(-5).
-5
Let z(a) = a**2 + 14*a + 15. Determine z(-16).
47
Let q(u) = 2*u**2 + 11*u + 23. Give q(-4).
11
Let z(w) = 2*w**3 - 25*w**2 + 12*w + 13. Calculate z(12).
13
Let q(f) = f**3 + 9*f**2 + 6*f - 14. Calculate q(-8).
2
Let q(p) = -p**2 - 8*p - 6. Calculate q(-5).
9
Let a(f) = -f**3 - 7*f**2 - 8*f + 1. Determine a(-6).
13
Let v(c) = -7*c. What is v(-5)?
35
Let o(r) = -7*r + 94. Determine o(16).
-18
Let a(o) = -o**2 - 5*o - 9. What is a(-6)?
-15
Let y(b) = b**3 + 4*b**2 - 12*b - 1. Give y(-6).
-1
Let p(o) = -2*o**2 - 2*o + 2. Give p(1).
-2
Let v(u) = -6*u**3 + 4*u + 3. Calculate v(-1).
5
Let n(c) = -c + 19. What is n(-26)?
45
Let q(p) = p**2 + 19*p + 34. Give q(-16).
-14
Let l(p) = -12*p - 13. What is l(-1)?
-1
Let w(h) = 17*h**2 - h. Give w(1).
16
Let f(y) = y**2 + 12*y + 15. Calculate f(-13).
28
Let m(y) = -y**3 + 6*y**2 - 9*y. Determine m(6).
-54
Let f(g) = -g**3 + 6*g + 2. Give f(0).
2
Let t(v) = v - 15. Determine t(21).
6
Let l(g) = -g**3 + 8*g**2 - 6*g + 7. Determine l(8).
-41
Let f(u) = -u**3 + 6*u**2 - 6*u + 7. Give f(5).
2
Let i(l) = l**3 + 6*l**2 - 5*l - 4. Determine i(-6).
26
Let b(p) = -2*p**2 - 17*p - 21. Calculate b(-10).
-51
Let r(v) = -v - 2. Give r(-4).
2
Let p(k) = 2*k**2 + 3*k - 1. Give p(2).
13
Let v(y) = y + 16. What is v(-4)?
12
Let l(q) = -q**3 + 3*q**2 - 2*q - 3. Determine l(3).
-9
Let o(n) = -n**3 - n**2 - n - 116. What is o(0)?
-116
Let m(p) = -7*p + 5. Determine m(3).
-16
Let i(y) = -5*y**2 - 58*y + 33. Determine i(-12).
9
Let c(y) = -y**3 + 3*y**2 + y - 2. Determine c(2).
4
Let g(i) = -18*i + 75. Calculate g(3).
21
Let h(g) = g**2 + 27. Give h(0).
27
Let b(g) = -g - 6. Calculate b(0).
-6
Let t(r) = -10*r + 4. What is t(-3)?
34
Let c(a) = 2*a - 3. What is c(5)?
7
Let x(a) = a**3 - 23*a**2 + 41*a - 48. What is x(21)?
-69
Let j(q) = q + 4. Give j(15).
19
Let n(j) = -2*j**3 - j + 23. Give n(0).
23
Let n(y) = -24*y - 16. Determine n(4).
-112
Let d(o) = -o**2 + 25*o - 131. Determine d(16).
13
Let s(u) = -12*u - 88. Calculate s(-12).
56
Let j(f) = f**2 - 9*f - 5. Determine j(4).
-25
Let l(a) = a**3 + 9*a**2 + 17*a + 15. Give l(-6).
21
Let a(u) = -2*u + 8. Determine a(-4).
16
Let p(q) = -2*q + 15. Determine p(12).
-9
Let c(m) = m**3 - 13*m**2 - 71*m + 42. Give c(17).
-9
Let b(x) = 21*x. Calculate b(-1).
-21
Let u(a) = 25*a - 372. Give u(15).
3
Let k(l) = -l**2 - 16*l - 15. Give k(-14).
13
Let j(b) = -4*b + 27. What is j(9)?
-9
Let y(z) = -4*z + 79. Determine y(19).
3
Let o(r) = r**2 - 7*r + 24. Give o(7).
24
Let p(a) = -a + 18. What is p(0)?
18
Let o(h) = 2*h**2 + 35*h - 21. Determine o(-18).
-3
Let l(a) = -46*a - 352. Determine l(-8).
16
Let u(z) = z**2 - 2*z + 3. Give u(3).
6
Let q(a) = 42*a**3 - a + 1. Give q(1).
42
Let s(h) = -4*h**2 + h + 8. Determine s(-2).
-10
Let f(z) = -z**2 - 6*z + 13. Determine f(-8).
-3
Let z(p) = -p**2 + 6*p + 9. Calculate z(7).
2
Let w(z) = z**3 - 10*z**2 + z - 5. Calculate w(10).
5
Let t(u) = -u**2 + 7. Calculate t(-5).
-18
Let v(t) = t**3 + 11*t**2 - 11*t + 1. What is v(-12)?
-11
Let q(n) = -n**3 + 6*n**2 - 3*n + 2. Give q(4).
22
Let x(j) = 6*j - 10. Calculate x(-9).
-64
Let k(g) = -3*g + 26. Determine k(7).
5
Let a(h) = -h**2 + 10*h + 5. Calculate a(11).
-6
Let j(l) = 2*l + 1. What is j(-4)?
-7
Let l(v) = v**3 - 7*v**2 - 2*v + 3. What is l(7)?
-11
Let l(m) = -m**2 + 6*m - 1. Give l(6).
-1
Let p(m) = m**3 - 157. Calculate p(0).
-157
Let g(k) = k**3 - 5*k**2 - 3*k - 3. Calculate g(6).
15
Let r(w) = 2*w**2 + 2*w - 43. Calculate r(0).
-43
Let l(z) = -2*z**3 - 15*z**2 + 8*z - 3. Calculate l(-8).
-3
Let s(g) = -9*g - 21. What is s(-3)?
6
Let h(y) = 3*y - 29. Calculate h(9).
-2
Let d(j) = 3*j**2 - 71*j + 110. Calculate d(22).
0
Let r(t) = t - 7. Calculate r(11).
4
Let q(s) = s**3 - 4*s**2 + 3. What is q(5)?
28
Let n(b) = b**3 + 15*b**2 - 54*b - 13. Determine n(-18).
-13
Let k(r) = 3*r + 24. Determine k(-9).
-3
Let u(n) = 2*n**3 - 22*n**2 - 24*n - 7. Give u(12).
-7
Let t(o) = -2*o**3 + 46*o**2 - 1. Determine t(23).
-1
Let c(x) = -23*x + 68. What is c(3)?
-1
Let p(w) = 4*w + 15. What is p(-5)?
-5
Let y(g) = g**2 + 13*g + 10. Calculate y(-10).
-20
Let a(u) = 23*u + 122. What is a(-8)?
-62
Let x(m) = 13*m + 24. Determine x(-2).
-2
Let r(q) = -q**3 +